{"id":1247,"date":"2023-06-14T12:58:44","date_gmt":"2023-06-14T10:58:44","guid":{"rendered":"https:\/\/collectifmordicus.fr\/?page_id=1247"},"modified":"2023-10-09T10:33:31","modified_gmt":"2023-10-09T08:33:31","slug":"muriel-turpin","status":"publish","type":"page","link":"https:\/\/collectifmordicus.fr\/index.php\/muriel-turpin\/","title":{"rendered":"Muriel Turpin"},"content":{"rendered":"\t\t<div data-elementor-type=\"wp-page\" data-elementor-id=\"1247\" class=\"elementor elementor-1247\" data-elementor-post-type=\"page\">\n\t\t\t\t\t\t<section class=\"elementor-section elementor-top-section elementor-element elementor-element-6d792fd elementor-section-boxed elementor-section-height-default elementor-section-height-default\" data-id=\"6d792fd\" data-element_type=\"section\">\n\t\t\t\t\t\t<div class=\"elementor-container elementor-column-gap-default\">\n\t\t\t\t\t<div class=\"elementor-column elementor-col-100 elementor-top-column elementor-element elementor-element-7277726\" data-id=\"7277726\" data-element_type=\"column\">\n\t\t\t<div class=\"elementor-widget-wrap elementor-element-populated\">\n\t\t\t\t\t\t<div class=\"elementor-element elementor-element-1630aa6 elementor-widget elementor-widget-global elementor-global-2052 elementor-widget-image\" data-id=\"1630aa6\" data-element_type=\"widget\" data-widget_type=\"image.default\">\n\t\t\t\t<div class=\"elementor-widget-container\">\n\t\t\t\t\t\t\t\t\t\t\t\t\t\t\t<img fetchpriority=\"high\" decoding=\"async\" width=\"390\" height=\"416\" src=\"https:\/\/collectifmordicus.fr\/wp-content\/uploads\/2022\/12\/Fichier-2300.png\" class=\"attachment-large size-large wp-image-186\" alt=\"\" srcset=\"https:\/\/collectifmordicus.fr\/wp-content\/uploads\/2022\/12\/Fichier-2300.png 390w, https:\/\/collectifmordicus.fr\/wp-content\/uploads\/2022\/12\/Fichier-2300-281x300.png 281w\" sizes=\"(max-width: 390px) 100vw, 390px\" \/>\t\t\t\t\t\t\t\t\t\t\t\t\t\t\t<\/div>\n\t\t\t\t<\/div>\n\t\t\t\t\t<\/div>\n\t\t<\/div>\n\t\t\t\t\t<\/div>\n\t\t<\/section>\n\t\t\t\t<section class=\"elementor-section elementor-top-section elementor-element elementor-element-9c44f2d elementor-section-boxed elementor-section-height-default elementor-section-height-default\" data-id=\"9c44f2d\" data-element_type=\"section\">\n\t\t\t\t\t\t<div class=\"elementor-container elementor-column-gap-default\">\n\t\t\t\t\t<div class=\"elementor-column elementor-col-100 elementor-top-column elementor-element elementor-element-203170b\" data-id=\"203170b\" data-element_type=\"column\">\n\t\t\t<div class=\"elementor-widget-wrap elementor-element-populated\">\n\t\t\t\t\t\t<div class=\"elementor-element elementor-element-89e0c93 elementor-nav-menu__align-center elementor-nav-menu--dropdown-tablet elementor-nav-menu__text-align-aside elementor-nav-menu--toggle elementor-nav-menu--burger elementor-widget elementor-widget-global elementor-global-805 elementor-widget-nav-menu\" data-id=\"89e0c93\" data-element_type=\"widget\" data-settings=\"{&quot;layout&quot;:&quot;horizontal&quot;,&quot;submenu_icon&quot;:{&quot;value&quot;:&quot;fas fa-caret-down&quot;,&quot;library&quot;:&quot;fa-solid&quot;},&quot;toggle&quot;:&quot;burger&quot;}\" data-widget_type=\"nav-menu.default\">\n\t\t\t\t<div class=\"elementor-widget-container\">\n\t\t\t\t\t\t\t\t<nav aria-label=\"Menu\" class=\"elementor-nav-menu--main elementor-nav-menu__container elementor-nav-menu--layout-horizontal e--pointer-background e--animation-shutter-out-vertical\">\n\t\t\t\t<ul id=\"menu-1-89e0c93\" class=\"elementor-nav-menu\"><li class=\"menu-item menu-item-type-post_type menu-item-object-page menu-item-home menu-item-99\"><a href=\"https:\/\/collectifmordicus.fr\/\" class=\"elementor-item menu-link\">ACCUEIL<\/a><\/li>\n<li class=\"menu-item menu-item-type-post_type menu-item-object-page menu-item-98\"><a href=\"https:\/\/collectifmordicus.fr\/index.php\/lequipe\/\" class=\"elementor-item menu-link\">L\u2019\u00c9QUIPE<\/a><\/li>\n<li class=\"menu-item menu-item-type-post_type menu-item-object-page menu-item-has-children menu-item-110\"><a aria-expanded=\"false\" href=\"https:\/\/collectifmordicus.fr\/index.php\/spectacles\/\" class=\"elementor-item menu-link\">SPECTACLES<span role=\"application\" class=\"dropdown-menu-toggle ast-header-navigation-arrow\" tabindex=\"0\" aria-expanded=\"false\" aria-label=\"Permutateur de Menu\" ><\/span><\/a>\n<ul class=\"sub-menu elementor-nav-menu--dropdown\">\n\t<li class=\"menu-item menu-item-type-post_type menu-item-object-page menu-item-3641\"><a href=\"https:\/\/collectifmordicus.fr\/index.php\/elvis\/\" class=\"elementor-sub-item menu-link\">Elvis<\/a><\/li>\n\t<li class=\"menu-item menu-item-type-post_type menu-item-object-page menu-item-2218\"><a href=\"https:\/\/collectifmordicus.fr\/index.php\/lautre\/\" class=\"elementor-sub-item menu-link\">L\u2019Autre<\/a><\/li>\n\t<li class=\"menu-item menu-item-type-post_type menu-item-object-page menu-item-2220\"><a href=\"https:\/\/collectifmordicus.fr\/index.php\/tout-ce-que-vous-navez-jamais-voulu-savoir-sur-eric-le-blanche\/\" class=\"elementor-sub-item menu-link\">Tout ce que vous n\u2019avez jamais voulu savoir sur Eric le Blanche<\/a><\/li>\n\t<li class=\"menu-item menu-item-type-post_type menu-item-object-page menu-item-2219\"><a href=\"https:\/\/collectifmordicus.fr\/index.php\/tomber-mais-de-tres-haut\/\" class=\"elementor-sub-item menu-link\">Tomber mais de tr\u00e8s haut<\/a><\/li>\n\t<li class=\"menu-item menu-item-type-post_type menu-item-object-page menu-item-2217\"><a href=\"https:\/\/collectifmordicus.fr\/index.php\/des-connectes\/\" class=\"elementor-sub-item menu-link\">Des Connect\u00e9s<\/a><\/li>\n\t<li class=\"menu-item menu-item-type-post_type menu-item-object-page menu-item-2221\"><a href=\"https:\/\/collectifmordicus.fr\/index.php\/vignettes\/\" class=\"elementor-sub-item menu-link\">Vignettes<\/a><\/li>\n\t<li class=\"menu-item menu-item-type-post_type menu-item-object-page menu-item-2362\"><a href=\"https:\/\/collectifmordicus.fr\/index.php\/les-brigades\/\" class=\"elementor-sub-item menu-link\">Les Brigades<\/a><\/li>\n<\/ul>\n<\/li>\n<li class=\"menu-item menu-item-type-post_type menu-item-object-page menu-item-1557\"><a href=\"https:\/\/collectifmordicus.fr\/index.php\/residence-en-territoire\/\" class=\"elementor-item menu-link\">R\u00c9SIDENCE EN TERRITOIRE<\/a><\/li>\n<li class=\"menu-item menu-item-type-post_type menu-item-object-page menu-item-111\"><a href=\"https:\/\/collectifmordicus.fr\/index.php\/ateliers-stages\/\" class=\"elementor-item menu-link\">ATELIERS ET STAGES<\/a><\/li>\n<li class=\"menu-item menu-item-type-post_type menu-item-object-page menu-item-112\"><a href=\"https:\/\/collectifmordicus.fr\/index.php\/actions-culturelles\/\" class=\"elementor-item menu-link\">ACTIONS CULTURELLES<\/a><\/li>\n<li class=\"menu-item menu-item-type-post_type menu-item-object-page menu-item-114\"><a href=\"https:\/\/collectifmordicus.fr\/index.php\/contact\/\" class=\"elementor-item menu-link\">CONTACT<\/a><\/li>\n<\/ul>\t\t\t<\/nav>\n\t\t\t\t\t<div class=\"elementor-menu-toggle\" role=\"button\" tabindex=\"0\" aria-label=\"Permuter le menu\" aria-expanded=\"false\">\n\t\t\t<i aria-hidden=\"true\" role=\"presentation\" class=\"elementor-menu-toggle__icon--open eicon-menu-bar\"><\/i><i aria-hidden=\"true\" role=\"presentation\" class=\"elementor-menu-toggle__icon--close eicon-close\"><\/i>\t\t<\/div>\n\t\t\t\t\t<nav class=\"elementor-nav-menu--dropdown elementor-nav-menu__container\" aria-hidden=\"true\">\n\t\t\t\t<ul id=\"menu-2-89e0c93\" class=\"elementor-nav-menu\"><li class=\"menu-item menu-item-type-post_type menu-item-object-page menu-item-home menu-item-99\"><a href=\"https:\/\/collectifmordicus.fr\/\" class=\"elementor-item menu-link\" tabindex=\"-1\">ACCUEIL<\/a><\/li>\n<li class=\"menu-item menu-item-type-post_type menu-item-object-page menu-item-98\"><a href=\"https:\/\/collectifmordicus.fr\/index.php\/lequipe\/\" class=\"elementor-item menu-link\" tabindex=\"-1\">L\u2019\u00c9QUIPE<\/a><\/li>\n<li class=\"menu-item menu-item-type-post_type menu-item-object-page menu-item-has-children menu-item-110\"><a aria-expanded=\"false\" href=\"https:\/\/collectifmordicus.fr\/index.php\/spectacles\/\" class=\"elementor-item menu-link\" tabindex=\"-1\">SPECTACLES<span role=\"application\" class=\"dropdown-menu-toggle ast-header-navigation-arrow\" tabindex=\"0\" aria-expanded=\"false\" aria-label=\"Permutateur de Menu\" ><\/span><\/a>\n<ul class=\"sub-menu elementor-nav-menu--dropdown\">\n\t<li class=\"menu-item menu-item-type-post_type menu-item-object-page menu-item-3641\"><a href=\"https:\/\/collectifmordicus.fr\/index.php\/elvis\/\" class=\"elementor-sub-item menu-link\" tabindex=\"-1\">Elvis<\/a><\/li>\n\t<li class=\"menu-item menu-item-type-post_type menu-item-object-page menu-item-2218\"><a href=\"https:\/\/collectifmordicus.fr\/index.php\/lautre\/\" class=\"elementor-sub-item menu-link\" tabindex=\"-1\">L\u2019Autre<\/a><\/li>\n\t<li class=\"menu-item menu-item-type-post_type menu-item-object-page menu-item-2220\"><a href=\"https:\/\/collectifmordicus.fr\/index.php\/tout-ce-que-vous-navez-jamais-voulu-savoir-sur-eric-le-blanche\/\" class=\"elementor-sub-item menu-link\" tabindex=\"-1\">Tout ce que vous n\u2019avez jamais voulu savoir sur Eric le Blanche<\/a><\/li>\n\t<li class=\"menu-item menu-item-type-post_type menu-item-object-page menu-item-2219\"><a href=\"https:\/\/collectifmordicus.fr\/index.php\/tomber-mais-de-tres-haut\/\" class=\"elementor-sub-item menu-link\" tabindex=\"-1\">Tomber mais de tr\u00e8s haut<\/a><\/li>\n\t<li class=\"menu-item menu-item-type-post_type menu-item-object-page menu-item-2217\"><a href=\"https:\/\/collectifmordicus.fr\/index.php\/des-connectes\/\" class=\"elementor-sub-item menu-link\" tabindex=\"-1\">Des Connect\u00e9s<\/a><\/li>\n\t<li class=\"menu-item menu-item-type-post_type menu-item-object-page menu-item-2221\"><a href=\"https:\/\/collectifmordicus.fr\/index.php\/vignettes\/\" class=\"elementor-sub-item menu-link\" tabindex=\"-1\">Vignettes<\/a><\/li>\n\t<li class=\"menu-item menu-item-type-post_type menu-item-object-page menu-item-2362\"><a href=\"https:\/\/collectifmordicus.fr\/index.php\/les-brigades\/\" class=\"elementor-sub-item menu-link\" tabindex=\"-1\">Les Brigades<\/a><\/li>\n<\/ul>\n<\/li>\n<li class=\"menu-item menu-item-type-post_type menu-item-object-page menu-item-1557\"><a href=\"https:\/\/collectifmordicus.fr\/index.php\/residence-en-territoire\/\" class=\"elementor-item menu-link\" tabindex=\"-1\">R\u00c9SIDENCE EN TERRITOIRE<\/a><\/li>\n<li class=\"menu-item menu-item-type-post_type menu-item-object-page menu-item-111\"><a href=\"https:\/\/collectifmordicus.fr\/index.php\/ateliers-stages\/\" class=\"elementor-item menu-link\" tabindex=\"-1\">ATELIERS ET STAGES<\/a><\/li>\n<li class=\"menu-item menu-item-type-post_type menu-item-object-page menu-item-112\"><a href=\"https:\/\/collectifmordicus.fr\/index.php\/actions-culturelles\/\" class=\"elementor-item menu-link\" tabindex=\"-1\">ACTIONS CULTURELLES<\/a><\/li>\n<li class=\"menu-item menu-item-type-post_type menu-item-object-page menu-item-114\"><a href=\"https:\/\/collectifmordicus.fr\/index.php\/contact\/\" class=\"elementor-item menu-link\" tabindex=\"-1\">CONTACT<\/a><\/li>\n<\/ul>\t\t\t<\/nav>\n\t\t\t\t\t\t<\/div>\n\t\t\t\t<\/div>\n\t\t\t\t\t<\/div>\n\t\t<\/div>\n\t\t\t\t\t<\/div>\n\t\t<\/section>\n\t\t\t\t<section class=\"elementor-section elementor-top-section elementor-element elementor-element-46e31bf elementor-section-full_width elementor-section-content-middle elementor-section-height-default elementor-section-height-default\" data-id=\"46e31bf\" data-element_type=\"section\" data-settings=\"{&quot;background_background&quot;:&quot;classic&quot;}\">\n\t\t\t\t\t\t<div class=\"elementor-container elementor-column-gap-no\">\n\t\t\t\t\t<div class=\"elementor-column elementor-col-33 elementor-top-column elementor-element elementor-element-4f73bcf1\" data-id=\"4f73bcf1\" data-element_type=\"column\">\n\t\t\t<div class=\"elementor-widget-wrap elementor-element-populated\">\n\t\t\t\t\t\t<div class=\"elementor-element elementor-element-22e938f8 elementor-widget elementor-widget-heading\" data-id=\"22e938f8\" data-element_type=\"widget\" data-widget_type=\"heading.default\">\n\t\t\t\t<div class=\"elementor-widget-container\">\n\t\t\t\t\t<h3 class=\"elementor-heading-title elementor-size-default\">MURIEL TURPIN<\/h3>\t\t\t\t<\/div>\n\t\t\t\t<\/div>\n\t\t\t\t<div class=\"elementor-element elementor-element-5d866abc elementor-widget-divider--view-line elementor-widget elementor-widget-divider\" data-id=\"5d866abc\" data-element_type=\"widget\" data-widget_type=\"divider.default\">\n\t\t\t\t<div class=\"elementor-widget-container\">\n\t\t\t\t\t\t\t<div class=\"elementor-divider\">\n\t\t\t<span class=\"elementor-divider-separator\">\n\t\t\t\t\t\t<\/span>\n\t\t<\/div>\n\t\t\t\t\t\t<\/div>\n\t\t\t\t<\/div>\n\t\t\t\t\t<\/div>\n\t\t<\/div>\n\t\t\t\t<div class=\"elementor-column elementor-col-33 elementor-top-column elementor-element elementor-element-130f179f\" data-id=\"130f179f\" data-element_type=\"column\">\n\t\t\t<div class=\"elementor-widget-wrap elementor-element-populated\">\n\t\t\t\t\t\t<div class=\"elementor-element elementor-element-44b9d7b elementor-widget elementor-widget-text-editor\" data-id=\"44b9d7b\" data-element_type=\"widget\" data-widget_type=\"text-editor.default\">\n\t\t\t\t<div class=\"elementor-widget-container\">\n\t\t\t\t\t\t\t\t\t<p><strong>CHOR\u00c9GRAPHE, DANSEUSE\u00a0<br \/><\/strong>Muriel Turpin est form\u00e9e en danse classique et contemporaine dans les conservatoires de La Roche-sur-Yon et de La Rochelle puis au Centre National de Danse \u00a0Contemporaine \u00e0 Angers. Professionnelle depuis 24 ans, elle travaille en tant qu&rsquo;interpr\u00e8te dans diff\u00e9rentes compagnies\u00a0 comme la Cie Christine Grimaldi, la Cie Norbert Senou, la Cie Contrepoint, la Cie Immanence, avec Nicole Turpin sur un travail qui m\u00eale la danse et le th\u00e9\u00e2tre.\u00a0 Et surtout, depuis une dizaine d&rsquo;ann\u00e9es, elle travaille dans plusieurs Op\u00e9ras tels que l&rsquo;op\u00e9ra de Bordeaux, de Paris, de Nancy et de Nuremberg, essentiellement avec la chor\u00e9graphe Laura Scozzi.<\/p>\t\t\t\t\t\t\t\t<\/div>\n\t\t\t\t<\/div>\n\t\t\t\t\t<\/div>\n\t\t<\/div>\n\t\t\t\t<div class=\"elementor-column elementor-col-33 elementor-top-column elementor-element elementor-element-2270cdb1\" data-id=\"2270cdb1\" data-element_type=\"column\">\n\t\t\t<div class=\"elementor-widget-wrap elementor-element-populated\">\n\t\t\t\t\t\t<div class=\"elementor-element elementor-element-7b91266 elementor-cta--skin-classic elementor-animated-content elementor-bg-transform elementor-bg-transform-zoom-in elementor-widget elementor-widget-call-to-action\" data-id=\"7b91266\" data-element_type=\"widget\" data-widget_type=\"call-to-action.default\">\n\t\t\t\t<div class=\"elementor-widget-container\">\n\t\t\t\t\t\t\t<div class=\"elementor-cta\">\n\t\t\t\t\t<div class=\"elementor-cta__bg-wrapper\">\n\t\t\t\t<div class=\"elementor-cta__bg elementor-bg\" style=\"background-image: url(https:\/\/collectifmordicus.fr\/wp-content\/uploads\/2023\/05\/Collectif-Mordicus-Muriel-Turpin-1921-1024x683.jpg);\" role=\"img\" aria-label=\"Collectif Mordicus - Muriel Turpin 1921\"><\/div>\n\t\t\t\t<div class=\"elementor-cta__bg-overlay\"><\/div>\n\t\t\t<\/div>\n\t\t\t\t\t\t\t\t<\/div>\n\t\t\t\t\t\t<\/div>\n\t\t\t\t<\/div>\n\t\t\t\t\t<\/div>\n\t\t<\/div>\n\t\t\t\t\t<\/div>\n\t\t<\/section>\n\t\t\t\t<\/div>\n\t\t","protected":false},"excerpt":{"rendered":"<p>MURIEL TURPIN CHOR\u00c9GRAPHE, DANSEUSE\u00a0Muriel Turpin est form\u00e9e en danse classique et contemporaine dans les conservatoires de La Roche-sur-Yon et de La Rochelle puis au Centre National de Danse \u00a0Contemporaine \u00e0 [&hellip;]<\/p>\n","protected":false},"author":1,"featured_media":0,"parent":0,"menu_order":0,"comment_status":"closed","ping_status":"closed","template":"","meta":{"site-sidebar-layout":"no-sidebar","site-content-layout":"page-builder","ast-site-content-layout":"","site-content-style":"default","site-sidebar-style":"default","ast-global-header-display":"","ast-banner-title-visibility":"","ast-main-header-display":"","ast-hfb-above-header-display":"","ast-hfb-below-header-display":"","ast-hfb-mobile-header-display":"","site-post-title":"disabled","ast-breadcrumbs-content":"","ast-featured-img":"disabled","footer-sml-layout":"","theme-transparent-header-meta":"","adv-header-id-meta":"","stick-header-meta":"","header-above-stick-meta":"","header-main-stick-meta":"","header-below-stick-meta":"","astra-migrate-meta-layouts":"default","ast-page-background-enabled":"default","ast-page-background-meta":{"desktop":{"background-color":"var(--ast-global-color-4)","background-image":"","background-repeat":"repeat","background-position":"center center","background-size":"auto","background-attachment":"scroll","background-type":"","background-media":"","overlay-type":"","overlay-color":"","overlay-opacity":"","overlay-gradient":""},"tablet":{"background-color":"","background-image":"","background-repeat":"repeat","background-position":"center center","background-size":"auto","background-attachment":"scroll","background-type":"","background-media":"","overlay-type":"","overlay-color":"","overlay-opacity":"","overlay-gradient":""},"mobile":{"background-color":"","background-image":"","background-repeat":"repeat","background-position":"center center","background-size":"auto","background-attachment":"scroll","background-type":"","background-media":"","overlay-type":"","overlay-color":"","overlay-opacity":"","overlay-gradient":""}},"ast-content-background-meta":{"desktop":{"background-color":"var(--ast-global-color-5)","background-image":"","background-repeat":"repeat","background-position":"center center","background-size":"auto","background-attachment":"scroll","background-type":"","background-media":"","overlay-type":"","overlay-color":"","overlay-opacity":"","overlay-gradient":""},"tablet":{"background-color":"var(--ast-global-color-5)","background-image":"","background-repeat":"repeat","background-position":"center center","background-size":"auto","background-attachment":"scroll","background-type":"","background-media":"","overlay-type":"","overlay-color":"","overlay-opacity":"","overlay-gradient":""},"mobile":{"background-color":"var(--ast-global-color-5)","background-image":"","background-repeat":"repeat","background-position":"center center","background-size":"auto","background-attachment":"scroll","background-type":"","background-media":"","overlay-type":"","overlay-color":"","overlay-opacity":"","overlay-gradient":""}},"footnotes":""},"class_list":["post-1247","page","type-page","status-publish","hentry"],"_links":{"self":[{"href":"https:\/\/collectifmordicus.fr\/index.php\/wp-json\/wp\/v2\/pages\/1247","targetHints":{"allow":["GET"]}}],"collection":[{"href":"https:\/\/collectifmordicus.fr\/index.php\/wp-json\/wp\/v2\/pages"}],"about":[{"href":"https:\/\/collectifmordicus.fr\/index.php\/wp-json\/wp\/v2\/types\/page"}],"author":[{"embeddable":true,"href":"https:\/\/collectifmordicus.fr\/index.php\/wp-json\/wp\/v2\/users\/1"}],"replies":[{"embeddable":true,"href":"https:\/\/collectifmordicus.fr\/index.php\/wp-json\/wp\/v2\/comments?post=1247"}],"version-history":[{"count":40,"href":"https:\/\/collectifmordicus.fr\/index.php\/wp-json\/wp\/v2\/pages\/1247\/revisions"}],"predecessor-version":[{"id":3309,"href":"https:\/\/collectifmordicus.fr\/index.php\/wp-json\/wp\/v2\/pages\/1247\/revisions\/3309"}],"wp:attachment":[{"href":"https:\/\/collectifmordicus.fr\/index.php\/wp-json\/wp\/v2\/media?parent=1247"}],"curies":[{"name":"wp","href":"https:\/\/api.w.org\/{rel}","templated":true}]}}